{"id":64,"date":"2024-05-27T15:11:57","date_gmt":"2024-05-27T12:11:57","guid":{"rendered":"https:\/\/www.nixpergola.co.uk\/?page_id=64"},"modified":"2024-06-04T13:41:46","modified_gmt":"2024-06-04T10:41:46","slug":"carporate","status":"publish","type":"page","link":"https:\/\/www.nixpergola.co.uk\/index.php\/carporate\/","title":{"rendered":"About Us"},"content":{"rendered":"<div class=\"wpb-content-wrapper\"><p>[vc_row][vc_column width=&#8221;1\/2&#8243;][vc_column_text]<\/p>\n<h6 style=\"text-align: justify;\"><span style=\"vertical-align: inherit;\"><span style=\"vertical-align: inherit;\"><strong>Nix Pergola Glass Systems<\/strong>,<\/span><\/span><span style=\"vertical-align: inherit;\"><span style=\"vertical-align: inherit;\"> \u00a0s\u0131k\u0131 toleransl\u0131 al\u00fcminyum profillerin \u00fcretiminde uzmanla\u015fm\u0131\u015f bir \u00fcreticidir. Mimari tasar\u0131m ve esteti\u011fi g\u00f6z \u00f6n\u00fcnde bulundurarak projelerin uygulama detaylar\u0131na uygun al\u00fcminyum sistem profilleri ile yap\u0131 sekt\u00f6r\u00fcndeki m\u00fc\u015fterilerimize \u00e7\u00f6z\u00fcm orta\u011f\u0131 olarak hizmet vermeyi hedefledik.<\/span><\/span><\/h6>\n<div><\/div>\n<p>[\/vc_column_text][vc_column_text]<\/p>\n<p style=\"text-align: justify;\"><span style=\"vertical-align: inherit;\"><span style=\"vertical-align: inherit;\">Nix Pergola Cam Sistemleri; Cam Balkon Sistemleri, Giyotin Cam Sistemleri, A\u00e7\u0131l\u0131r \u00c7at\u0131 ve Pergola hizmetleri vermektedir. \u015eirket gen\u00e7, enerjik ve kaliteli, hizmet ruhuna sahip bir y\u00f6netim ekibine sahiptir.<\/span><\/span><\/p>\n<p style=\"text-align: left;\"><span style=\"vertical-align: inherit;\"><span style=\"vertical-align: inherit;\">Standartlar\u0131 koruyan ve geni\u015fleten iyile\u015ftirmeler yapmaya s\u00fcrekli kararl\u0131y\u0131z. Amac\u0131n\u0131 ger\u00e7ekten anlayan \u00e7\u00f6z\u00fcmler sunmaya ve uzun \u00f6m\u00fcrl\u00fc \u00fcr\u00fcnler yaratmaya \u00f6nem veriyoruz. Ayr\u0131ca modellerimizi yak\u0131ndan g\u00f6rmek ve detayl\u0131 incelemek i\u00e7in sizleri Mersin&#8217;de yeni a\u00e7\u0131lan fabrikam\u0131za bekliyoruz.<\/span><\/span><\/p>\n<p><span style=\"vertical-align: inherit;\"><span style=\"vertical-align: inherit;\">[\/vc_column_text][vc_column_text]<\/span><\/span><\/p>\n<div>We involve and strengthen all our work in complying with our quality standards, taking the necessary measures to ensure that they have accurate knowledge of the product, process and final application.<\/div>\n<p>[\/vc_column_text][\/vc_column][vc_column width=&#8221;1\/2&#8243;][vc_single_image image=&#8221;467&#8243; img_size=&#8221;full&#8221;][\/vc_column][\/vc_row][vc_row][vc_column width=&#8221;1\/2&#8243;][vc_single_image image=&#8221;460&#8243; img_size=&#8221;full&#8221;][\/vc_column][vc_column width=&#8221;1\/2&#8243;][vc_empty_space height=&#8221;5x&#8221;][vc_column_text]<\/p>\n<p style=\"text-align: justify;\">Our emphasis is to meet the expectations focused on customer satisfaction in any case and to produce solutions. This emphasis has been applied because we deeply value the bond between our relationships. From your expectations to your satisfaction with our services, products, solutions and friendship.<\/p>\n<div><\/div>\n<p>[\/vc_column_text][vc_column_text]<\/p>\n<div>We are governed by our core values, which are the core of our culture and a guide to how we do things.<\/div>\n<div><\/div>\n<div>As\u00a0<strong>Nix Pergola<\/strong>, we only allow professionalism; We identify, innovate, develop and implement solutions with flexible tendencies to reach further than expected.<\/div>\n<div><\/div>\n<p>[\/vc_column_text][vc_column_text]<\/p>\n<div>\n<div>We practice a high level of reliability; We are consistent, efficient, responsible and reliable in all areas with promising capabilities to deliver excellent performances every time.<\/div>\n<div><\/div>\n<div>We put our heart into every relationship; We respect, care, appreciate, remain committed, passionate and strive to communicate for optimum understanding.<\/div>\n<div><\/div>\n<div>We seek excellence through integrity; We earn respect, loyalty and trust with honesty and passion, and create an environment for positive growth.<\/div>\n<div><\/div>\n<\/div>\n<div><\/div>\n<p>[\/vc_column_text][\/vc_column][\/vc_row][vc_column][\/vc_column][vc_column width=&#8221;1\/2&#8243;][\/vc_column]<\/p>\n<\/div>","protected":false},"excerpt":{"rendered":"<p>[vc_row][vc_column width=&#8221;1\/2&#8243;][vc_column_text] Nix Pergola Glass Systems, \u00a0s\u0131k\u0131 toleransl\u0131 al\u00fcminyum profillerin \u00fcretiminde uzmanla\u015fm\u0131\u015f bir \u00fcreticidir. Mimari tasar\u0131m ve esteti\u011fi g\u00f6z \u00f6n\u00fcnde bulundurarak projelerin uygulama detaylar\u0131na uygun al\u00fcminyum sistem profilleri ile yap\u0131 sekt\u00f6r\u00fcndeki m\u00fc\u015fterilerimize \u00e7\u00f6z\u00fcm orta\u011f\u0131 olarak hizmet vermeyi hedefledik. [\/vc_column_text][vc_column_text] Nix Pergola Cam Sistemleri; Cam Balkon Sistemleri, Giyotin Cam Sistemleri, A\u00e7\u0131l\u0131r \u00c7at\u0131 ve Pergola hizmetleri vermektedir. [&hellip;]<\/p>\n","protected":false},"author":1,"featured_media":0,"parent":0,"menu_order":0,"comment_status":"closed","ping_status":"closed","template":"","meta":{"_themeisle_gutenberg_block_has_review":false,"footnotes":""},"class_list":["post-64","page","type-page","status-publish","hentry"],"_links":{"self":[{"href":"https:\/\/www.nixpergola.co.uk\/index.php\/wp-json\/wp\/v2\/pages\/64","targetHints":{"allow":["GET"]}}],"collection":[{"href":"https:\/\/www.nixpergola.co.uk\/index.php\/wp-json\/wp\/v2\/pages"}],"about":[{"href":"https:\/\/www.nixpergola.co.uk\/index.php\/wp-json\/wp\/v2\/types\/page"}],"author":[{"embeddable":true,"href":"https:\/\/www.nixpergola.co.uk\/index.php\/wp-json\/wp\/v2\/users\/1"}],"replies":[{"embeddable":true,"href":"https:\/\/www.nixpergola.co.uk\/index.php\/wp-json\/wp\/v2\/comments?post=64"}],"version-history":[{"count":18,"href":"https:\/\/www.nixpergola.co.uk\/index.php\/wp-json\/wp\/v2\/pages\/64\/revisions"}],"predecessor-version":[{"id":479,"href":"https:\/\/www.nixpergola.co.uk\/index.php\/wp-json\/wp\/v2\/pages\/64\/revisions\/479"}],"wp:attachment":[{"href":"https:\/\/www.nixpergola.co.uk\/index.php\/wp-json\/wp\/v2\/media?parent=64"}],"curies":[{"name":"wp","href":"https:\/\/api.w.org\/{rel}","templated":true}]}}